{"id":40,"date":"2014-01-11T21:11:41","date_gmt":"2014-01-11T19:11:41","guid":{"rendered":"http:\/\/altertumsverein-bad-buchau.de\/?page_id=40"},"modified":"2018-12-03T16:41:43","modified_gmt":"2018-12-03T15:41:43","slug":"innovative-kulturvermittlung","status":"publish","type":"page","link":"https:\/\/altertumsverein-bad-buchau.de\/?page_id=40","title":{"rendered":"Innovative Kulturvermittlung"},"content":{"rendered":"<p style=\"text-align: justify;\">Den Startschuss f\u00fcr eine ganze Reihe neuer Aktivit\u00e4ten gab die zwischen 1998 und 2000 erfolgte Erweiterung des Museums um einen gro\u00dfen Freilicht bereich mit Hausrekonstruktionen jungstein- und bronzezeitlicher Siedlungen, die auf der Basis \u00f6rtlicher Ausgrabungsbefunde im Ma\u00dfstab 1:1 rekonstruiert worden waren. Damit war der Schritt von einem reinen Museum mit Schausammlung und Magazin hin zu einem besucherorientierten Haus mit vielf\u00e4ltigen Vermittlungs- und Freizeitangeboten vollzogen. Zudem betrieb von nun an ein Team aus Arch\u00e4ologen, P\u00e4dagogen und\/oder Arch\u00e4otechnikern sowie zahlreichen Honorarkr\u00e4ften das bis dato weitgehend ehrenamtlich gef\u00fchrte Museumsgesch\u00e4ft.<\/p>\n<p style=\"text-align: justify;\">Heute lohnt sich ein Blick zur\u00fcck auf die Entwicklungen am Museum w\u00e4hrend der vergangenen 18 Jahre. Mit dem Auftrag, sowohl den touristischen, wirtschaftlichen als auch wissenschaftlichen An- spr\u00fcchen gerecht zu werden, stellten sich f\u00fcr das Museumsteam g\u00e4nzlich neue Ziele und Aufgaben: In Partnerschaft mit Universit\u00e4ten, p\u00e4dagogischen Hochschulen, in- und ausl\u00e4ndischen Museen sowie diversen Kultureinrichtungen entstand in den Fol- genjahren ein ganze Palette neuartiger und innovativer Vermittlungskonzepte. Das Ziel war hochgesteckt: Es galt, die \u201eArch\u00e4ologie des Federsee\u201c mit bildungs- und erlebnisorientierten Programmen f\u00fcr das im l\u00e4ndlichen Raum vorrangig vorhandene Frei- zeitpublikum aufzubereiten und dabei den Spagat zwischen Bildung und Event zu meistern und zugleich nicht der Beliebigkeit des Dargebotenen zum Opfer zu verfallen.<\/p>\n<p style=\"text-align: justify;\">Schon im Jahr 2000 wurde daher ein Arbeitskreis von Arch\u00e4oTechnikern gegr\u00fcndet, der die Qualit\u00e4t und Zielrichtung vorgeschichtlicher Handwerksdarbietungen \u2013 vom Steineschlagen bis zum Bronzeguss \u2013 hinterfragen sollte. Mit den p\u00e4dagogischen Hochschulen in Weingarten und Kreuzlingen (Schweiz) wurde ein Ausgrabungsprojekt f\u00fcr Sch\u00fclerInnen entwickelt, welches dem Lernort Museum noch heute neue Impulse verleiht. Und lange bevor die ARD und das Schweizer Fernsehen das Thema \u201eLeben wie in der Steinzeit\u201c f\u00fcr ihr Publikum entdeckten, schickte das Museum eine Familie zur\u00fcck in die Bronzezeit und eroberte sich damit 30 Minu- ten beste Sendezeit im ZDF. Aus dieser Zeitreise ist inzwischen ein Living-History-Projekt mit Arch\u00e4ologen und Handwerkern entstanden, das auf unser Freigel\u00e4nde und speziell auf den Siedlungsausschnitt der \u201eWasserburg Buchau\u201c als neues Vermitt- lungsmodul zugeschnitten ist.<\/p>\n<p style=\"text-align: justify;\">Zur \u201eB\u00fchne\u201c wurde das Freilichtmuseum schlie\u00dflich im Jahr 2007: In Zusammenarbeit mit dem Theater Ulm entstand ein Theaterst\u00fcck, das die fr\u00fche b\u00e4uerliche Besiedlung der Federseeregion &#8211; dargebo- ten von zwei professionellen Schauspielern &#8211; im Freigel\u00e4nde inszenierte. Das 2013 pr\u00e4sentierte Schauspiel <i>KRONOS TRAVELS INC<\/i>. ist heuer das f\u00fcnfte seiner Art im Zeichen der Federseearch\u00e4ologie &#8211; ohne Zweifel: das Arch\u00e4oTheater ist damit zu einer Art &#8222;Markenzeichen&#8220; des Museums avanciert. Und dies sind nur einige Beispiele unterschied- lichster Vermittlungsans\u00e4tze.<\/p>\n<p style=\"text-align: justify;\">Zweites Standbein der Kulturvermittlung sind die diversen Sonderausstellungen, die zusammen mit dem Arch\u00e4ologischen Landesmuseum Baden- W\u00fcrttemberg, entstanden sind. \u00d6ffentlichkeitswirksames Aush\u00e4ngeschild waren die oftmals lebendigen Inszenierungen, die diese Ausstellungen begleiteten: Lebendig &#8211; im wahrsten Sinne des Wortes &#8211; waren zwei urt\u00fcmliche Exmoorponys, die eine Pr\u00e4sentation \u00fcber die Domestikation des Pferdes begleiteten. Oder eine als Mordfall inszenierte Ausstellung um den Tod zweier bronzezeitlicher Kinder, der 3000 Jahre sp\u00e4ter von Arch\u00e4ologen, Anthropologen und Kriminologen wieder aufgenommen wurde (2009). F\u00fcr die Besucher \u00fcberraschende Aspekte \u00fcber das hohe mathematisch-astronomische Wissen unserer Vorfahren pr\u00e4sentierte die Ausstellung \u00fcber die fr\u00fchen religionsgeschichtlichen Zeugnisse, die wir in der bronzezeitlichen Wasserburg Buchau fassen k\u00f6nnen (2011).<\/p>\n<p style=\"text-align: justify;\">Das Wagnis, das man vor gut zwanzig Jahren mit dem Ausbau des Museums einging, darf heute zu Recht als risikoreich, aber auch als ein gro\u00dfartiger Schritt in eine perspektivenreiche Museumszukunft herausgestellt werden: Rund 40 \u0301000 Besucher werden j\u00e4hrlich in den R\u00e4umen des Museums begr\u00fc\u00dft! Kultur ist demnach f\u00fcr die Stadt ein nicht zu untersch\u00e4tzender Wirtschaftsfaktor und Verkaufsschlager! Doch ist eines neben all den Ver\u00e4nderungen der vergangenen Jahre konstant geblieben: Seit fast 100 Jahren lenkt der Altertumsverein den Betrieb unseres Federseemuseums. Ziel wird es sein, das Federseemuseum als den zentralen Ver- mittlungsort f\u00fcr die zum Welterbe ausgewiesenen pr\u00e4historischen Pfahlbauten am Federsee und in Oberschwaben auszubauen. Schon jetzt sind die ersten Vorboten dieser neuen Zeit im Gel\u00e4nde sichtbar: Ein dringend ben\u00f6tigter Geb\u00e4udekomplex f\u00fcr die Mitarbeiter und f\u00fcr die Museumsp\u00e4dagogik, weitere 1:1-Rekonstruktionen aus der arch\u00e4ologischen Vergangenheit sowie Sanierungen des Lehmbruckbaus mit Hinzugewinn neuer Sonderausstellungsfl\u00e4chen.<\/p>\n<p style=\"text-align: justify;\">Die Zeichen stehen somit weiter auf Erfolg. Dass sich ein solcher in einer erlebnisreiche Zukunft auch einstellt, dies kann man dem Museum, seinen Partnern sowie allen Freunden, G\u00e4sten anl\u00e4sslich des 105j\u00e4hrigen Vereinsbestehens von ganzem Herzen w\u00fcnschen.<\/p>\n","protected":false},"excerpt":{"rendered":"<p>Den Startschuss f\u00fcr eine ganze Reihe neuer Aktivit\u00e4ten gab die zwischen 1998 und 2000 erfolgte Erweiterung des Museums um einen gro\u00dfen Freilicht bereich mit Hausrekonstruktionen jungstein- und bronzezeitlicher Siedlungen, die auf der Basis \u00f6rtlicher Ausgrabungsbefunde im Ma\u00dfstab 1:1 rekonstruiert worden waren. Damit war der Schritt von einem reinen Museum mit Schausammlung und Magazin hin zu [&hellip;]<\/p>\n","protected":false},"author":1,"featured_media":111,"parent":0,"menu_order":1,"comment_status":"closed","ping_status":"closed","template":"","meta":{"footnotes":""},"class_list":["post-40","page","type-page","status-publish","has-post-thumbnail","hentry"],"_links":{"self":[{"href":"https:\/\/altertumsverein-bad-buchau.de\/index.php?rest_route=\/wp\/v2\/pages\/40","targetHints":{"allow":["GET"]}}],"collection":[{"href":"https:\/\/altertumsverein-bad-buchau.de\/index.php?rest_route=\/wp\/v2\/pages"}],"about":[{"href":"https:\/\/altertumsverein-bad-buchau.de\/index.php?rest_route=\/wp\/v2\/types\/page"}],"author":[{"embeddable":true,"href":"https:\/\/altertumsverein-bad-buchau.de\/index.php?rest_route=\/wp\/v2\/users\/1"}],"replies":[{"embeddable":true,"href":"https:\/\/altertumsverein-bad-buchau.de\/index.php?rest_route=%2Fwp%2Fv2%2Fcomments&post=40"}],"version-history":[{"count":7,"href":"https:\/\/altertumsverein-bad-buchau.de\/index.php?rest_route=\/wp\/v2\/pages\/40\/revisions"}],"predecessor-version":[{"id":443,"href":"https:\/\/altertumsverein-bad-buchau.de\/index.php?rest_route=\/wp\/v2\/pages\/40\/revisions\/443"}],"wp:featuredmedia":[{"embeddable":true,"href":"https:\/\/altertumsverein-bad-buchau.de\/index.php?rest_route=\/wp\/v2\/media\/111"}],"wp:attachment":[{"href":"https:\/\/altertumsverein-bad-buchau.de\/index.php?rest_route=%2Fwp%2Fv2%2Fmedia&parent=40"}],"curies":[{"name":"wp","href":"https:\/\/api.w.org\/{rel}","templated":true}]}}